{"id":30,"date":"2018-07-11T14:25:34","date_gmt":"2018-07-11T12:25:34","guid":{"rendered":"http:\/\/lernbar.fk13.tu-dortmund.de\/?page_id=30"},"modified":"2021-06-17T12:32:56","modified_gmt":"2021-06-17T10:32:56","slug":"ueber-uns","status":"publish","type":"page","link":"https:\/\/lernbar.fk13.tu-dortmund.de\/index.php\/ueber-uns\/","title":{"rendered":"Das Projekt"},"content":{"rendered":"\t\t<div data-elementor-type=\"wp-post\" data-elementor-id=\"30\" class=\"elementor elementor-30\">\n\t\t\t\t\t\t<section class=\"elementor-section elementor-top-section elementor-element elementor-element-a69aff4 elementor-section-boxed elementor-section-height-default elementor-section-height-default\" data-id=\"a69aff4\" data-element_type=\"section\" data-e-type=\"section\">\n\t\t\t\t\t\t<div class=\"elementor-container elementor-column-gap-no\">\n\t\t\t\t\t<div class=\"elementor-column elementor-col-50 elementor-top-column elementor-element elementor-element-a5c5ea9\" data-id=\"a5c5ea9\" data-element_type=\"column\" data-e-type=\"column\">\n\t\t\t<div class=\"elementor-widget-wrap elementor-element-populated\">\n\t\t\t\t\t\t<div class=\"elementor-element elementor-element-13b86f3 elementor-widget elementor-widget-text-editor\" data-id=\"13b86f3\" data-element_type=\"widget\" data-e-type=\"widget\" data-widget_type=\"text-editor.default\">\n\t\t\t\t<div class=\"elementor-widget-container\">\n\t\t\t\t\t\t\t\t\t<p><span style=\"color: #003366;\">Diese Seite finden Sie zum erleichterten Verst\u00e4ndnis auch in leichter Sprache. Sie soll Menschen\u00a0das Verstehen von Texten erleichtern. Sie dient damit auch der Barrierefreiheit. Um auf leichte Sprache umzuschalten, klicken Sie auf das Symbol.<\/span><\/p>\t\t\t\t\t\t\t\t<\/div>\n\t\t\t\t<\/div>\n\t\t\t\t\t<\/div>\n\t\t<\/div>\n\t\t\t\t<div class=\"elementor-column elementor-col-50 elementor-top-column elementor-element elementor-element-5ed896b\" data-id=\"5ed896b\" data-element_type=\"column\" data-e-type=\"column\">\n\t\t\t<div class=\"elementor-widget-wrap elementor-element-populated\">\n\t\t\t\t\t\t<div class=\"elementor-element elementor-element-6919100 elementor-widget elementor-widget-image\" data-id=\"6919100\" data-element_type=\"widget\" data-e-type=\"widget\" data-widget_type=\"image.default\">\n\t\t\t\t<div class=\"elementor-widget-container\">\n\t\t\t\t\t\t\t\t\t\t\t\t<figure class=\"wp-caption\">\n\t\t\t\t\t\t\t\t\t\t\t<a href=\"https:\/\/lernbar.fk13.tu-dortmund.de\/index.php\/ueber-uns-leichte-sprache\/\">\n\t\t\t\t\t\t\t<img decoding=\"async\" src=\"https:\/\/lernbar.fk13.tu-dortmund.de\/wp-content\/uploads\/elementor\/thumbs\/leichte-Sprache_aus-nunkiag47otbywmfmv8k9od6ex5mabd3hxvhk0ijnu.png\" title=\"leichte Sprache_aus\" alt=\"Ovale, rote Schaltfl\u00e4che mit dem &quot;leichte Sprache-Symbol&quot; - ausgeschalteter Modus\" loading=\"lazy\" \/>\t\t\t\t\t\t\t\t<\/a>\n\t\t\t\t\t\t\t\t\t\t\t<figcaption class=\"widget-image-caption wp-caption-text\">Leichte Sprache ist AUS<\/figcaption>\n\t\t\t\t\t\t\t\t\t\t<\/figure>\n\t\t\t\t\t\t\t\t\t<\/div>\n\t\t\t\t<\/div>\n\t\t\t\t\t<\/div>\n\t\t<\/div>\n\t\t\t\t\t<\/div>\n\t\t<\/section>\n\t\t\t\t<section class=\"elementor-section elementor-top-section elementor-element elementor-element-4bea844 elementor-section-boxed elementor-section-height-default elementor-section-height-default\" data-id=\"4bea844\" data-element_type=\"section\" data-e-type=\"section\">\n\t\t\t\t\t\t<div class=\"elementor-container elementor-column-gap-no\">\n\t\t\t\t\t<div class=\"elementor-column elementor-col-100 elementor-top-column elementor-element elementor-element-1a912b4\" data-id=\"1a912b4\" data-element_type=\"column\" data-e-type=\"column\">\n\t\t\t<div class=\"elementor-widget-wrap elementor-element-populated\">\n\t\t\t\t\t\t<div class=\"elementor-element elementor-element-9d06f66 elementor-widget-divider--view-line elementor-widget elementor-widget-divider\" data-id=\"9d06f66\" data-element_type=\"widget\" data-e-type=\"widget\" data-widget_type=\"divider.default\">\n\t\t\t\t<div class=\"elementor-widget-container\">\n\t\t\t\t\t\t\t<div class=\"elementor-divider\">\n\t\t\t<span class=\"elementor-divider-separator\">\n\t\t\t\t\t\t<\/span>\n\t\t<\/div>\n\t\t\t\t\t\t<\/div>\n\t\t\t\t<\/div>\n\t\t\t\t\t<\/div>\n\t\t<\/div>\n\t\t\t\t\t<\/div>\n\t\t<\/section>\n\t\t\t\t<section class=\"elementor-section elementor-top-section elementor-element elementor-element-a3edf3e elementor-section-boxed elementor-section-height-default elementor-section-height-default\" data-id=\"a3edf3e\" data-element_type=\"section\" data-e-type=\"section\">\n\t\t\t\t\t\t<div class=\"elementor-container elementor-column-gap-no\">\n\t\t\t\t\t<div class=\"elementor-column elementor-col-50 elementor-top-column elementor-element elementor-element-11eb1ef\" data-id=\"11eb1ef\" data-element_type=\"column\" data-e-type=\"column\">\n\t\t\t<div class=\"elementor-widget-wrap elementor-element-populated\">\n\t\t\t\t\t\t<div class=\"elementor-element elementor-element-6bcb0e0 elementor-widget elementor-widget-text-editor\" data-id=\"6bcb0e0\" data-element_type=\"widget\" data-e-type=\"widget\" data-widget_type=\"text-editor.default\">\n\t\t\t\t<div class=\"elementor-widget-container\">\n\t\t\t\t\t\t\t\t\t<h3><span style=\"color: #003366;\">Laufzeit<strong style=\"font-family: Roboto, sans-serif; font-size: 16px; font-style: normal;\"> des Projektes: 01.06.2018 &#8211; 31.08.2021<\/strong><\/span><\/h3>\n<p style=\"font-family: Roboto, sans-serif; font-size: 16px; font-style: normal;\"><span style=\"font-weight: 400; color: #003366;\"><strong style=\"font-size: 16px;\">Zielgruppe<\/strong><\/span><br><span style=\"color: #003366;\">Menschen mit Beeintr\u00e4chtigungen<br><\/span><strong style=\"color: #003366; font-size: 16px;\">Branche<br><\/strong><span style=\"color: #003366; font-size: 16px;\">Hauswirtschaft<\/span><\/p>\n<p><span style=\"color: #003366; font-size: 16px;\"><b>Praxispartner&nbsp;<br><\/b><\/span><span style=\"color: #003366; font-size: 16px;\">Josefsheim Bigge gGmbH<br><\/span><span style=\"color: #003366; font-size: 16px;\">Hannoversche Werkst\u00e4tten gem.GmbH<br><\/span><span style=\"color: #003366; font-size: 16px;\">Lebenshilfe Erfurt gGmbH<\/span><\/p>\n<p><span style=\"color: #003366; font-size: 16px;\"><b>Wissenschaftliche Begleitung<br><\/b><\/span><span style=\"color: #003366; font-size: 16px;\">Technische Universit\u00e4t Dortmund<\/span><\/p>\t\t\t\t\t\t\t\t<\/div>\n\t\t\t\t<\/div>\n\t\t\t\t\t<\/div>\n\t\t<\/div>\n\t\t\t\t<div class=\"elementor-column elementor-col-50 elementor-top-column elementor-element elementor-element-bcf4e80\" data-id=\"bcf4e80\" data-element_type=\"column\" data-e-type=\"column\">\n\t\t\t<div class=\"elementor-widget-wrap elementor-element-populated\">\n\t\t\t\t\t\t<div class=\"elementor-element elementor-element-bf0f26b elementor-widget elementor-widget-video\" data-id=\"bf0f26b\" data-element_type=\"widget\" data-e-type=\"widget\" data-settings=\"{&quot;youtube_url&quot;:&quot;https:\\\/\\\/youtu.be\\\/-8Ytyp1sGQs&quot;,&quot;start&quot;:0,&quot;video_type&quot;:&quot;youtube&quot;,&quot;controls&quot;:&quot;yes&quot;}\" data-widget_type=\"video.default\">\n\t\t\t\t<div class=\"elementor-widget-container\">\n\t\t\t\t\t\t\t<div class=\"elementor-wrapper elementor-open-inline\">\n\t\t\t<div class=\"elementor-video\"><\/div>\t\t<\/div>\n\t\t\t\t\t\t<\/div>\n\t\t\t\t<\/div>\n\t\t\t\t<div class=\"elementor-element elementor-element-5a04cdc elementor-widget elementor-widget-video\" data-id=\"5a04cdc\" data-element_type=\"widget\" data-e-type=\"widget\" data-settings=\"{&quot;youtube_url&quot;:&quot;https:\\\/\\\/youtu.be\\\/HVKDaM0kDeo&quot;,&quot;start&quot;:0,&quot;video_type&quot;:&quot;youtube&quot;,&quot;controls&quot;:&quot;yes&quot;}\" data-widget_type=\"video.default\">\n\t\t\t\t<div class=\"elementor-widget-container\">\n\t\t\t\t\t\t\t<div class=\"elementor-wrapper elementor-open-inline\">\n\t\t\t<div class=\"elementor-video\"><\/div>\t\t<\/div>\n\t\t\t\t\t\t<\/div>\n\t\t\t\t<\/div>\n\t\t\t\t<div class=\"elementor-element elementor-element-0fae874 elementor-widget elementor-widget-wp-widget-media_audio\" data-id=\"0fae874\" data-element_type=\"widget\" data-e-type=\"widget\" data-widget_type=\"wp-widget-media_audio.default\">\n\t\t\t\t<div class=\"elementor-widget-container\">\n\t\t\t\t\t<h5>Das Projekt LernBAR als Podcast<\/h5><audio class=\"wp-audio-shortcode\" id=\"audio-30-1\" preload=\"none\" style=\"width: 100%;\" controls=\"controls\"><source type=\"audio\/mpeg\" src=\"https:\/\/lernbar.fk13.tu-dortmund.de\/wp-content\/uploads\/2021\/02\/Podcast_LernBAR.mp3?_=1\" \/><source type=\"audio\/mpeg\" src=\"https:\/\/lernbar.fk13.tu-dortmund.de\/wp-content\/uploads\/2021\/02\/Podcast_LernBAR.mp3?_=1\" \/><a href=\"https:\/\/lernbar.fk13.tu-dortmund.de\/wp-content\/uploads\/2021\/02\/Podcast_LernBAR.mp3\">https:\/\/lernbar.fk13.tu-dortmund.de\/wp-content\/uploads\/2021\/02\/Podcast_LernBAR.mp3<\/a><\/audio>\t\t\t\t<\/div>\n\t\t\t\t<\/div>\n\t\t\t\t\t<\/div>\n\t\t<\/div>\n\t\t\t\t\t<\/div>\n\t\t<\/section>\n\t\t\t\t<section class=\"elementor-section elementor-top-section elementor-element elementor-element-4246cee elementor-section-boxed elementor-section-height-default elementor-section-height-default\" data-id=\"4246cee\" data-element_type=\"section\" data-e-type=\"section\">\n\t\t\t\t\t\t<div class=\"elementor-container elementor-column-gap-default\">\n\t\t\t\t\t<div class=\"elementor-column elementor-col-100 elementor-top-column elementor-element elementor-element-6268811\" data-id=\"6268811\" data-element_type=\"column\" data-e-type=\"column\">\n\t\t\t<div class=\"elementor-widget-wrap elementor-element-populated\">\n\t\t\t\t\t\t<div class=\"elementor-element elementor-element-15ef5a6 elementor-widget-divider--view-line elementor-widget elementor-widget-divider\" data-id=\"15ef5a6\" data-element_type=\"widget\" data-e-type=\"widget\" data-widget_type=\"divider.default\">\n\t\t\t\t<div class=\"elementor-widget-container\">\n\t\t\t\t\t\t\t<div class=\"elementor-divider\">\n\t\t\t<span class=\"elementor-divider-separator\">\n\t\t\t\t\t\t<\/span>\n\t\t<\/div>\n\t\t\t\t\t\t<\/div>\n\t\t\t\t<\/div>\n\t\t\t\t\t<\/div>\n\t\t<\/div>\n\t\t\t\t\t<\/div>\n\t\t<\/section>\n\t\t\t\t<section class=\"elementor-section elementor-top-section elementor-element elementor-element-64e3af0 elementor-section-boxed elementor-section-height-default elementor-section-height-default\" data-id=\"64e3af0\" data-element_type=\"section\" data-e-type=\"section\">\n\t\t\t\t\t\t<div class=\"elementor-container elementor-column-gap-default\">\n\t\t\t\t\t<div class=\"elementor-column elementor-col-50 elementor-top-column elementor-element elementor-element-df4c338\" data-id=\"df4c338\" data-element_type=\"column\" data-e-type=\"column\">\n\t\t\t<div class=\"elementor-widget-wrap elementor-element-populated\">\n\t\t\t\t\t\t\t<\/div>\n\t\t<\/div>\n\t\t\t\t<div class=\"elementor-column elementor-col-50 elementor-top-column elementor-element elementor-element-5ee647c\" data-id=\"5ee647c\" data-element_type=\"column\" data-e-type=\"column\">\n\t\t\t<div class=\"elementor-widget-wrap\">\n\t\t\t\t\t\t\t<\/div>\n\t\t<\/div>\n\t\t\t\t\t<\/div>\n\t\t<\/section>\n\t\t\t\t<section class=\"elementor-section elementor-top-section elementor-element elementor-element-7ae0369 elementor-section-boxed elementor-section-height-default elementor-section-height-default\" data-id=\"7ae0369\" data-element_type=\"section\" data-e-type=\"section\">\n\t\t\t\t\t\t<div class=\"elementor-container elementor-column-gap-default\">\n\t\t\t\t\t<div class=\"elementor-column elementor-col-100 elementor-top-column elementor-element elementor-element-36c4887\" data-id=\"36c4887\" data-element_type=\"column\" data-e-type=\"column\">\n\t\t\t<div class=\"elementor-widget-wrap elementor-element-populated\">\n\t\t\t\t\t\t<div class=\"elementor-element elementor-element-1bc38ea elementor-widget-divider--view-line elementor-widget elementor-widget-divider\" data-id=\"1bc38ea\" data-element_type=\"widget\" data-e-type=\"widget\" data-widget_type=\"divider.default\">\n\t\t\t\t<div class=\"elementor-widget-container\">\n\t\t\t\t\t\t\t<div class=\"elementor-divider\">\n\t\t\t<span class=\"elementor-divider-separator\">\n\t\t\t\t\t\t<\/span>\n\t\t<\/div>\n\t\t\t\t\t\t<\/div>\n\t\t\t\t<\/div>\n\t\t\t\t\t<\/div>\n\t\t<\/div>\n\t\t\t\t\t<\/div>\n\t\t<\/section>\n\t\t\t\t<section class=\"elementor-section elementor-top-section elementor-element elementor-element-811ca93 elementor-section-boxed elementor-section-height-default elementor-section-height-default\" data-id=\"811ca93\" data-element_type=\"section\" data-e-type=\"section\">\n\t\t\t\t\t\t<div class=\"elementor-container elementor-column-gap-default\">\n\t\t\t\t\t<div class=\"elementor-column elementor-col-100 elementor-top-column elementor-element elementor-element-86e146e\" data-id=\"86e146e\" data-element_type=\"column\" data-e-type=\"column\">\n\t\t\t<div class=\"elementor-widget-wrap elementor-element-populated\">\n\t\t\t\t\t\t<div class=\"elementor-element elementor-element-dcf17dd elementor-widget elementor-widget-text-editor\" data-id=\"dcf17dd\" data-element_type=\"widget\" data-e-type=\"widget\" data-widget_type=\"text-editor.default\">\n\t\t\t\t<div class=\"elementor-widget-container\">\n\t\t\t\t\t\t\t\t\t<h3><span style=\"color: #003366;\">Vorhaben und Ziele im Projekt LernBAR<\/span><\/h3><p style=\"font-family: Roboto, sans-serif; font-size: 16px; font-style: normal; font-weight: 400;\"><span style=\"color: #003366;\">Im Vorhaben wird AR-basiertes berufliches Lernen f\u00fcr Menschen mit Behinderungen untersucht. Dabei werden mit einer AR-Brille (HoloLens) Lerninhalte wie Grafiken, Bilder, interaktive Videos etc. am realen Arbeitsplatz dargeboten. Neben den HoloLenses sollen alternative AR-Anwendungen z.B. auf mobilen Endger\u00e4ten (<span lang=\"en\">Tablets, Smartphones<\/span>) f\u00fcr die Zielgruppe gepr\u00fcft werden.<\/span><\/p><p style=\"font-family: Roboto, sans-serif; font-size: 16px; font-style: normal; font-weight: 400;\"><span style=\"color: #003366;\">LernBAR zielt darauf, Lernen am Arbeitsplatz (AR-basiert) zu realisieren und durch Lernangebote in formalen bzw. informellen <span lang=\"en\">Settings<\/span> (\u00fcber eine Lernplattform) zu komplettieren. Dazu wird ein angepasstes Curriculum f\u00fcr hauswirtschaftliche Ausbildungsberufe entwickelt und erprobt. Durch ein modernisiertes Ausbildungskonzept soll einerseits die Attraktivit\u00e4t hauswirtschaftlicher Ausbildungen f\u00fcr Auszubildende erh\u00f6ht werden und andererseits die Zukunftsf\u00e4higkeit der Ausbildungen im Hinblick auf ver\u00e4nderte gesellschaftliche Bedarfe gew\u00e4hrleistet werden. Daher ist die Schulung von Ausbildenden und Lehrkr\u00e4ften in der Anwendung von digitalen Medien sowie der Ausbau ihrer digitalen Lehrkompetenzen eine zentrale Aufgabe im Vorhaben.<\/span><\/p>\t\t\t\t\t\t\t\t<\/div>\n\t\t\t\t<\/div>\n\t\t\t\t\t<\/div>\n\t\t<\/div>\n\t\t\t\t\t<\/div>\n\t\t<\/section>\n\t\t\t\t<\/div>\n\t\t","protected":false},"excerpt":{"rendered":"<p>Diese Seite finden Sie zum erleichterten Verst\u00e4ndnis auch in leichter Sprache. Sie soll Menschen\u00a0das Verstehen von Texten erleichtern. Sie dient damit auch der Barrierefreiheit. Um auf leichte Sprache umzuschalten, klicken Sie auf das Symbol. Leichte Sprache ist AUS Laufzeit des Projektes: 01.06.2018 &#8211; 31.08.2021 ZielgruppeMenschen mit Beeintr\u00e4chtigungenBrancheHauswirtschaft Praxispartner&nbsp;Josefsheim Bigge gGmbHHannoversche Werkst\u00e4tten gem.GmbHLebenshilfe Erfurt gGmbH Wissenschaftliche [&hellip;]<\/p>\n","protected":false},"author":4,"featured_media":0,"parent":0,"menu_order":0,"comment_status":"closed","ping_status":"closed","template":"","meta":{"ocean_post_layout":"","ocean_both_sidebars_style":"","ocean_both_sidebars_content_width":0,"ocean_both_sidebars_sidebars_width":0,"ocean_sidebar":"0","ocean_second_sidebar":"0","ocean_disable_margins":"enable","ocean_add_body_class":"","ocean_shortcode_before_top_bar":"","ocean_shortcode_after_top_bar":"","ocean_shortcode_before_header":"","ocean_shortcode_after_header":"","ocean_has_shortcode":"","ocean_shortcode_after_title":"","ocean_shortcode_before_footer_widgets":"","ocean_shortcode_after_footer_widgets":"","ocean_shortcode_before_footer_bottom":"","ocean_shortcode_after_footer_bottom":"","ocean_display_top_bar":"default","ocean_display_header":"default","ocean_header_style":"","ocean_center_header_left_menu":"0","ocean_custom_header_template":"0","ocean_custom_logo":0,"ocean_custom_retina_logo":0,"ocean_custom_logo_max_width":0,"ocean_custom_logo_tablet_max_width":0,"ocean_custom_logo_mobile_max_width":0,"ocean_custom_logo_max_height":0,"ocean_custom_logo_tablet_max_height":0,"ocean_custom_logo_mobile_max_height":0,"ocean_header_custom_menu":"0","ocean_menu_typo_font_family":"0","ocean_menu_typo_font_subset":"","ocean_menu_typo_font_size":0,"ocean_menu_typo_font_size_tablet":0,"ocean_menu_typo_font_size_mobile":0,"ocean_menu_typo_font_size_unit":"px","ocean_menu_typo_font_weight":"","ocean_menu_typo_font_weight_tablet":"","ocean_menu_typo_font_weight_mobile":"","ocean_menu_typo_transform":"","ocean_menu_typo_transform_tablet":"","ocean_menu_typo_transform_mobile":"","ocean_menu_typo_line_height":0,"ocean_menu_typo_line_height_tablet":0,"ocean_menu_typo_line_height_mobile":0,"ocean_menu_typo_line_height_unit":"","ocean_menu_typo_spacing":0,"ocean_menu_typo_spacing_tablet":0,"ocean_menu_typo_spacing_mobile":0,"ocean_menu_typo_spacing_unit":"","ocean_menu_link_color":"","ocean_menu_link_color_hover":"","ocean_menu_link_color_active":"","ocean_menu_link_background":"","ocean_menu_link_hover_background":"","ocean_menu_link_active_background":"","ocean_menu_social_links_bg":"","ocean_menu_social_hover_links_bg":"","ocean_menu_social_links_color":"","ocean_menu_social_hover_links_color":"","ocean_disable_title":"default","ocean_disable_heading":"default","ocean_post_title":"","ocean_post_subheading":"","ocean_post_title_style":"background-image","ocean_post_title_background_color":"","ocean_post_title_background":1238,"ocean_post_title_bg_image_position":"center center","ocean_post_title_bg_image_attachment":"","ocean_post_title_bg_image_repeat":"","ocean_post_title_bg_image_size":"cover","ocean_post_title_height":400,"ocean_post_title_bg_overlay":0.5,"ocean_post_title_bg_overlay_color":"","ocean_disable_breadcrumbs":"default","ocean_breadcrumbs_color":"","ocean_breadcrumbs_separator_color":"","ocean_breadcrumbs_links_color":"","ocean_breadcrumbs_links_hover_color":"","ocean_display_footer_widgets":"default","ocean_display_footer_bottom":"default","ocean_custom_footer_template":"0","footnotes":""},"class_list":["post-30","page","type-page","status-publish","hentry","entry"],"_links":{"self":[{"href":"https:\/\/lernbar.fk13.tu-dortmund.de\/index.php\/wp-json\/wp\/v2\/pages\/30","targetHints":{"allow":["GET"]}}],"collection":[{"href":"https:\/\/lernbar.fk13.tu-dortmund.de\/index.php\/wp-json\/wp\/v2\/pages"}],"about":[{"href":"https:\/\/lernbar.fk13.tu-dortmund.de\/index.php\/wp-json\/wp\/v2\/types\/page"}],"author":[{"embeddable":true,"href":"https:\/\/lernbar.fk13.tu-dortmund.de\/index.php\/wp-json\/wp\/v2\/users\/4"}],"replies":[{"embeddable":true,"href":"https:\/\/lernbar.fk13.tu-dortmund.de\/index.php\/wp-json\/wp\/v2\/comments?post=30"}],"version-history":[{"count":131,"href":"https:\/\/lernbar.fk13.tu-dortmund.de\/index.php\/wp-json\/wp\/v2\/pages\/30\/revisions"}],"predecessor-version":[{"id":1878,"href":"https:\/\/lernbar.fk13.tu-dortmund.de\/index.php\/wp-json\/wp\/v2\/pages\/30\/revisions\/1878"}],"wp:attachment":[{"href":"https:\/\/lernbar.fk13.tu-dortmund.de\/index.php\/wp-json\/wp\/v2\/media?parent=30"}],"curies":[{"name":"wp","href":"https:\/\/api.w.org\/{rel}","templated":true}]}}